rue
Is 82 a factor of 350222?
True
Does 91 divide 5143494?
False
Is 110 a factor of 35602050?
True
Is 4 a factor of 5134617?
False
Is 1649670672 a multiple of 1222?
True
Is 224 a factor of 88577216?
True
Does 48 divide 698931024?
True
Is 71 a factor of 18347323?
True
Does 13 divide 18498285?
True
Does 41 divide 51346186?
True
Is 539421168 a multiple of 8245?
False
Is 20360371 a multiple of 7?
False
Is 24 a factor of 4707072?
True
Is 1465728864 a multiple of 1119?
True
Is 1151052636 a multiple of 23?
False
Does 8 divide 1262321624?
True
Is 554 a factor of 8152513?
False
Is 5 a factor of 79719276?
False
Does 53 divide 22397260?
False
Is 3682793 a multiple of 14?
False
Does 5 divide 551460835?
True
Is 461670740 a multiple of 115?
False
Does 16 divide 41198288?
True
Does 121 divide 138325869?
True
Is 1037097276 a multiple of 73?
True
Is 128 a factor of 9615104?
True
Is 1533 a factor of 266438334?
False
Is 752 a factor of 19864080?
True
Is 11610421 a multiple of 13?
False
Does 15 divide 8124816390?
True
Is 2021916372 a multiple of 7455?
False
Does 46 divide 61004863?
False
Is 257 a factor of 2595326342?
False
Is 89175121 a multiple of 3431?
True
Is 110798598 a multiple of 1158?
True
Is 95426933 a multiple of 1097?
True
Is 67 a factor of 158697004?
True
Is 6383 a factor of 1583780247?
False
Does 13 divide 162552130?
True
Is 244755320 a multiple of 808?
True
Does 302 divide 92505016?
True
Is 1524 a factor of 119431308?
True
Is 307 a factor of 66825297?
False
Does 312 divide 22904317?
False
Is 39454474 a multiple of 16?
False
Is 8 a factor of 13685104?
True
Is 317581306 a multiple of 48?
False
Is 10273771 a multiple of 695?
False
Is 9583111 a multiple of 14?
False
Is 13 a factor of 719469?
False
Does 23 divide 80776506?
True
Is 7 a factor of 6886929?
True
Is 121796337 a multiple of 17?
False
Is 59 a factor of 196142078?
True
Does 7751 divide 818676122?
True
Does 337 divide 33299316?
False
Does 9 divide 1045644410?
False
Is 20243930 a multiple of 62?
True
Is 2728 a factor of 184727450?
False
Is 53 a factor of 909514874?
True
Is 4245931421 a multiple of 392?
False
Is 22413591 a multiple of 15?
False
Does 2334 divide 83978092?
False
Does 23 divide 4393460?
True
Is 170229060 a multiple of 68?
False
Is 2 a factor of 23031416?
True
Does 12 divide 133173192?
True
Does 519 divide 62040222?
True
Is 462 a factor of 1061347518?
True
Is 643792966 a multiple of 37?
False
Is 4771707179 a multiple of 15?
False
Does 82 divide 4144960297?
False
Is 966316148 a multiple of 34?
False
Is 59 a factor of 4397163?
False
Does 373 divide 189050503?
False
Is 1743 a factor of 67264113?
True
Is 65932769 a multiple of 86?
False
Does 5 divide 129763805?
True
Is 1300904402 a multiple of 14?
True
Does 194 divide 17158134?
False
Is 3553 a factor of 1297540059?
False
Is 547 a factor of 2788169494?
True
Does 1119 divide 7775246?
False
Is 11 a factor of 448046161?
False
Is 49 a factor of 71290731?
False
Is 50 a factor of 31226350?
True
Is 750852795 a multiple of 11?
True
Is 13910988 a multiple of 9?
False
Is 8894792 a multiple of 37?
False
Is 10 a factor of 43135562?
False
Is 340 a factor of 34822795?
False
Is 244 a factor of 23214892?
True
Is 96 a factor of 1943520?
True
Is 543682848 a multiple of 96?
True
Is 32 a factor of 8147247?
False
Is 350968639 a multiple of 548?
False
Is 80285670 a multiple of 6?
True
Is 18 a factor of 170983717?
False
Does 12 divide 307142891?
False
Is 4057 a factor of 1409190836?
True
Is 5329115 a multiple of 16?
False
Does 4 divide 147525517?
False
Does 64 divide 1102446208?
True
Is 74443536 a multiple of 216?
True
Does 152 divide 98756619?
False
Is 36 a factor of 1003163184?
True
Does 1226 divide 53560725?
False
Is 105907970 a multiple of 112?
False
Is 6 a factor of 9918852?
True
Does 28 divide 2136230432?
True
Does 26 divide 48162403?
False
Is 619994648 a multiple of 1367?
True
Is 765 a factor of 213297300?
True
Is 1437893 a multiple of 11?
False
Does 3 divide 11010807?
True
Does 89 divide 18817092?
True
Is 552721 a multiple of 4?
False
Is 31684770 a multiple of 255?
True
Is 3993690 a multiple of 239?
True
Is 78973033 a multiple of 6?
False
Is 27 a factor of 6885059?
False
Does 842 divide 55150118?
False
Is 256 a factor of 140652039?
False
Is 7682020 a multiple of 781?
False
Is 161606990 a multiple of 55?
False
Is 30 a factor of 18695949?
False
Is 215979633 a multiple of 9?
True
Is 358 a factor of 15504264?
True
Does 70 divide 65025206?
False
Does 523 divide 518484941?
True
Does 2315 divide 167754160?
True
Is 175 a factor of 213367483?
False
Does 753 divide 439261057?
False
Does 474 divide 797373054?
False
Is 37 a factor of 38116309?
False
Does 13 divide 69791005?
False
Is 14077077 a multiple of 101?
True
Is 1542 a factor of 173897508?
True
Is 573 a factor of 146807757?
True
Is 1945 a factor of 1628644454?
False
Is 39550758 a multiple of 714?
False
Is 5163400542 a multiple of 399?
False
Does 301 divide 4547185?
False
Is 114259730 a multiple of 13?
True
Is 768369336 a multiple of 28?
True
Does 1511 divide 45840718?
True
Is 1353 a factor of 36210339?
True
Is 4068532 a multiple of 6?
False
Does 84 divide 449388912?
True
Is 15829616 a multiple of 1697?
True
Is 397 a factor of 187906055?
True
Does 1301 divide 2184858189?
False
Is 19 a factor of 1037518520?
False
Is 37 a factor of 1323534098?
False
Does 16 divide 16369526?
False
Is 674 a factor of 129202430?
True
Is 157964771 a multiple of 59?
True
Does 2 divide 17873577?
False
Is 28 a factor of 28102005?
False
Does 156 divide 17595324?
False
Is 87351982 a multiple of 11?
False
Does 5 divide 98506177?
False
Is 251 a factor of 120524427?
True
Is 986481552 a multiple of 336?
True
Is 64 a factor of 34134707?
False
Is 585395083 a multiple of 3147?
False
Is 2 a factor of 355053362?
True
Does 1064 divide 69520007?
False
Is 308409066 a multiple of 21?
True
Is 9233 a factor of 242262433?
False
Is 87938652 a multiple of 58?
False
Is 225827982 a multiple of 911?
False
Does 62 divide 7718194?
True
Is 9 a factor of 9286641?
True
Is 1282 a factor of 35519587?
False
Is 5 a factor of 148928140?
True
Does 48 divide 17815837?
False
Is 44 a factor of 8157810?
False
Does 39 divide 447185505?
True
Does 297 divide 186930909?
True
Is 52110885 a multiple of 63?
False
Does 681 divide 14571963?
False
Is 145319986 even?
True
Does 86 divide 132667556?
True
Does 63 divide 676613348?
False
Is 18 a factor of 3289623936?
False
Is 26052498 a multiple of 841?
True
Is 28851601 a multiple of 6?
False
Is 12 a factor of 268399752?
True
Is 92947188 a multiple of 490?
False
Is 407997749 a multiple of 4?
False
Is 36 a factor of 84919896?
True
Is 703872555 a multiple of 19?
False
Is 80620562 a multiple of 7?
False
Does 800 divide 29040737?
False
Is 9 a factor of 2262318127?
False
Does 338 divide 7425860?
True
Is 7106 a factor of 4286872465?
False
Is 2 a factor of 4356679?
False
Is 11099520 a multiple of 45?
True
Is 102 a factor of 1327020?
True
Does 459 divide 590322654?
True
Is 216 a factor of 31288032?
True
Does 249 divide 2394135?
True
Is 422923908 a multiple of 1325?
False
Is 801458180 a multiple of 2110?
True
Is 25 a factor of 58544750?
True
Is 8 a factor of 52204424?
True
Is 1375967284 a multiple of 1154?
True
Is 60179393 a multiple of 241?
False
Does 991 divide 79974343?
False
Does 107 divide 312350869?
True
Is 51804952 a multiple of 12?
False
Is 1539946512 a multiple of 78?
True
Is 13295892 a multiple of 573?
True
Is 1816 a factor of 332300760?
True
Does 79 divide 14380528?
True
Is 32557568 a multiple of 32?
True
Is 102 a factor of 189386340?
False
Is 66 a factor of 98266476?
True
Does 2389 divide 618557491?
True
Does 18 divide 115078428?
True
Is 168398356 a multiple of 24?
False
Is 1408 a factor of 112811949?
False
Is 224 a factor of 72679229?
False
Is 5233761 a multiple of 27?
True
Is 723128337 a multiple of 370?
False
Is 14256025 a multiple of 9?
False
Is 211 a factor of 4110828?
False
Is 44364140 a multiple of 55?
False
Is 1503 a factor of 14925744?
False
Does 430 divide 2946639070?
True
Is 25 a factor of 403498166?
False
Is 522150764 a multiple of 4?
True
Is 1085910447 a multiple of 5131?
False
Is 528 a factor of 283598304?
True
Does 29 divide 26539925?
False
Does 1064 divide 1188385083?
False
Is 18184 a factor of 1944433304?
True
Does